{"id":61,"date":"2017-11-10T13:26:36","date_gmt":"2017-11-10T13:26:36","guid":{"rendered":"http:\/\/akkordeonorchester-mm.de\/?page_id=61"},"modified":"2024-10-24T14:06:24","modified_gmt":"2024-10-24T14:06:24","slug":"presse","status":"publish","type":"page","link":"http:\/\/akkordeonorchester-mm.de\/?page_id=61","title":{"rendered":"Presse"},"content":{"rendered":"<div id=\"content\">\n<h1 id=\"a2\" class=\"heading1\">Pressemeldungen<\/h1>\n<p>In der Vergangenheit gab es immer wieder einmal die ein oder andere Ank\u00fcndigung, aber auch schon einmal einen Bericht in der lokalen Presse. Sofern diese noch auffindbar sind, werden diese hier gesammelt, bzw. verlinkt:<\/p>\n<p><a class=\"link\" title=\"Externe Adresse &quot;http:\/\/www.volksfreund.de\/nachrichten\/region\/bitburg\/aktuell\/Heute-in-der-Bitburger-Zeitung-Zuenftige-Musik-trifft-auf-Tango;art752,3995924&quot; aufrufen\" href=\"http:\/\/www.volksfreund.de\/nachrichten\/region\/bitburg\/aktuell\/Heute-in-der-Bitburger-Zeitung-Zuenftige-Musik-trifft-auf-Tango;art752,3995924\" target=\"_blank\" rel=\"noopener\">Artikel zum Akkordeonfestival in Idesheim 2014 mit Bildern unseres Orchesters<\/a><br \/>\n<a class=\"link\" title=\"Externe Adresse &quot;http:\/\/www.volksfreund.de\/nachrichten\/region\/bitburg\/aktuell\/Heute-in-der-Bitburger-Zeitung-Vier-Jahrzehnte-und-kein-bisschen-leise;art752,3553340?fCMS=uj8lgl6v2llj75q9ddse7fmu63&quot; aufrufen\" href=\"http:\/\/www.volksfreund.de\/nachrichten\/region\/bitburg\/aktuell\/Heute-in-der-Bitburger-Zeitung-Vier-Jahrzehnte-und-kein-bisschen-leise;art752,3553340?fCMS=uj8lgl6v2llj75q9ddse7fmu63\" target=\"_blank\" rel=\"noopener\">Ank\u00fcndigung des Jubil\u00e4umsfestes &#8222;40 Jahre AMM&#8220; von 2013<\/a><br \/>\n<a class=\"link\" title=\"Externe Adresse &quot;http:\/\/www.wittich.de\/fileadmin\/user_upload\/epaper\/707\/index.html&quot; aufrufen\" href=\"http:\/\/www.wittich.de\/fileadmin\/user_upload\/epaper\/707\/index.html\" target=\"_blank\" rel=\"noopener\">Ank\u00fcndigung des Jubil\u00e4umsfestes 40 Jahre in der &#8222;Rundschau Aktuell&#8220;<\/a><br \/>\n<a class=\"link\" title=\"Externe Adresse &quot;http:\/\/www.e-paper.wochenspiegellive.de\/book\/read\/id\/0000D13182345135&quot; aufrufen\" href=\"http:\/\/www.e-paper.wochenspiegellive.de\/book\/read\/id\/0000D13182345135\" target=\"_blank\" rel=\"noopener\">Ank\u00fcndigung Jubil\u00e4umsfest 40 Jahre im Wochenspiegel auf Seite acht<\/a><br \/>\n<a class=\"link\" title=\"Externe Adresse &quot;http:\/\/www.volksfreund.de\/nachrichten\/region\/bitburg\/aktuell\/Heute-in-der-Bitburger-Zeitung-Klosterjaeger-in-der-Eifel;art752,181394&quot; aufrufen\" href=\"http:\/\/www.volksfreund.de\/nachrichten\/region\/bitburg\/aktuell\/Heute-in-der-Bitburger-Zeitung-Klosterjaeger-in-der-Eifel;art752,181394\" target=\"_blank\" rel=\"noopener\">Ank\u00fcndigung des Jubil\u00e4umsfestes &#8222;30 Jahre AMM&#8220; von 2003<\/a><br \/>\n<a class=\"link\" title=\"Externe Adresse &quot;http:\/\/www.irrel.de\/buerger\/index.htm?http:\/\/www.multicms.rdts.de\/cgi\/bin?_SID=18bb93c89f8df39467c993691ce0dd3af793793400238590492032&amp;_sprache=de&amp;_bereich=artikel&amp;_aktion=detail&amp;idartikel=103793&quot; aufrufen\" href=\"http:\/\/www.irrel.de\/buerger\/index.htm?http:\/\/www.multicms.rdts.de\/cgi\/bin?_SID=18bb93c89f8df39467c993691ce0dd3af793793400238590492032&amp;_sprache=de&amp;_bereich=artikel&amp;_aktion=detail&amp;idartikel=103793\" target=\"_blank\" rel=\"noopener\">Ank\u00fcndigung des Weihnachtskonzertes 2004 im Veranstaltungskalender der VG-Irrel, mit Foto der Menninger Kirche<\/a><br \/>\n<a class=\"link\" title=\"Externe Adresse &quot;http:\/\/www.irrel.de\/buerger\/index.htm?http:\/\/www.multicms.rdts.de\/cgi\/bin?_SID=5bb657f78cd5b95fec8e9a87308c2890d588bc8e00234783743384&amp;_sprache=de&amp;_bereich=artikel&amp;_aktion=detail&amp;idartikel=134227&quot; aufrufen\" href=\"http:\/\/www.irrel.de\/buerger\/index.htm?http:\/\/www.multicms.rdts.de\/cgi\/bin?_SID=5bb657f78cd5b95fec8e9a87308c2890d588bc8e00234783743384&amp;_sprache=de&amp;_bereich=artikel&amp;_aktion=detail&amp;idartikel=134227\" target=\"_blank\" rel=\"noopener\">Ank\u00fcndigung des Sommerfestes 2005 auf der Seite der VG-Irrel mit Foto der Kirche<\/a><br \/>\n<a class=\"link\" title=\"Externe Adresse &quot;http:\/\/www.irrel.de\/buerger\/index.htm?http:\/\/www.multicms.rdts.de\/cgi\/bin?_SID=5bb657f78cd5b95fec8e9a87308c2890d588bc8e00234783743384&amp;_sprache=de&amp;_bereich=artikel&amp;_aktion=detail&amp;idartikel=134227&quot; aufrufen\" href=\"http:\/\/www.irrel.de\/buerger\/index.htm?http:\/\/www.multicms.rdts.de\/cgi\/bin?_SID=5bb657f78cd5b95fec8e9a87308c2890d588bc8e00234783743384&amp;_sprache=de&amp;_bereich=artikel&amp;_aktion=detail&amp;idartikel=134227\" target=\"_blank\" rel=\"noopener\">Ank\u00fcndigung des Weihnachtskonzertes in Minden auf der Seite der VG-Irrel, mit Foto der Mindener Kirche<\/a><br \/>\n<a class=\"link\" title=\"Externe Adresse &quot;http:\/\/www.volksfreund.de\/nachrichten\/region\/bitburg\/kurz\/Kurz-Sommerfest-mit-viel-Musik;art753,1012116&quot; aufrufen\" href=\"http:\/\/www.volksfreund.de\/nachrichten\/region\/bitburg\/kurz\/Kurz-Sommerfest-mit-viel-Musik;art753,1012116\" target=\"_blank\" rel=\"noopener\">Ank\u00fcndigung des Sommerfestes 2006<\/a><br \/>\n<a class=\"link\" title=\"Externe Adresse &quot;http:\/\/www.irrel.de\/buerger\/index.htm?http:\/\/www.multicms.rdts.de\/cgi\/bin?_SID=129d70bbf7ebdbe1db7697b1be9a29d9038f3e7500224886725726&amp;_sprache=de&amp;_bereich=artikel&amp;_aktion=detail&amp;idartikel=110431&quot; aufrufen\" href=\"http:\/\/www.irrel.de\/buerger\/index.htm?http:\/\/www.multicms.rdts.de\/cgi\/bin?_SID=129d70bbf7ebdbe1db7697b1be9a29d9038f3e7500224886725726&amp;_sprache=de&amp;_bereich=artikel&amp;_aktion=detail&amp;idartikel=110431\" target=\"_blank\" rel=\"noopener\">Ank\u00fcndigung des Sommerfestes 2006 im Veranstaltungskalender der VG-Irrel, mit Vereinsfoto<\/a><br \/>\n<a class=\"link\" title=\"Externe Adresse &quot;http:\/\/www.volksfreund.de\/nachrichten\/region\/bitburg\/aktuell\/Heute-in-der-Bitburger-Zeitung-Akkordeon-und-Mandoline;art752,1417896&quot; aufrufen\" href=\"http:\/\/www.volksfreund.de\/nachrichten\/region\/bitburg\/aktuell\/Heute-in-der-Bitburger-Zeitung-Akkordeon-und-Mandoline;art752,1417896\" target=\"_blank\" rel=\"noopener\">Ank\u00fcndigung des Konzertes 2007<\/a><br \/>\n<a class=\"link\" title=\"Externe Adresse &quot;http:\/\/www.irrel.de\/buerger\/index.htm?http:\/\/www.multicms.rdts.de\/cgi\/bin?_SID=5bb657f78cd5b95fec8e9a87308c2890d588bc8e00234783743384&amp;_sprache=de&amp;_bereich=artikel&amp;_aktion=detail&amp;idartikel=134227&quot; aufrufen\" href=\"http:\/\/www.irrel.de\/buerger\/index.htm?http:\/\/www.multicms.rdts.de\/cgi\/bin?_SID=5bb657f78cd5b95fec8e9a87308c2890d588bc8e00234783743384&amp;_sprache=de&amp;_bereich=artikel&amp;_aktion=detail&amp;idartikel=134227\" target=\"_blank\" rel=\"noopener\">Ank\u00fcndigung des Sommerfestes 2008, mit Foto<\/a><br \/>\n<a class=\"link\" title=\"Externe Adresse &quot;http:\/\/www.volksfreund.de\/nachrichten\/region\/bitburg\/kurz\/Kurz-Konzert-des-Akkordeon-Orchesters;art753,2209525&quot; aufrufen\" href=\"http:\/\/www.volksfreund.de\/nachrichten\/region\/bitburg\/kurz\/Kurz-Konzert-des-Akkordeon-Orchesters;art753,2209525\" target=\"_blank\" rel=\"noopener\">Ank\u00fcndigung des Konzertes 2009<\/a><br \/>\n<a class=\"link\" title=\"Externe Adresse &quot;http:\/\/www.irrel.de\/buerger\/index.htm?http:\/\/multicms.rdts.de\/cgi\/bin?_SID=c49375200c94f1acae131d60956978ad7e93389500243194872707&amp;_sprache=Standard-Ausgabe&amp;_bereich=artikel&amp;_aktion=detail&amp;idartikel=122000&quot; aufrufen\" href=\"http:\/\/www.irrel.de\/buerger\/index.htm?http:\/\/multicms.rdts.de\/cgi\/bin?_SID=c49375200c94f1acae131d60956978ad7e93389500243194872707&amp;_sprache=Standard-Ausgabe&amp;_bereich=artikel&amp;_aktion=detail&amp;idartikel=122000\" target=\"_blank\" rel=\"noopener\">Ank\u00fcndigung des Sommerfestes 2009 mit Plakat<\/a><br \/>\n<a class=\"link\" title=\"Externe Adresse &quot;http:\/\/www.irrel.de\/buerger\/index.htm?http:\/\/multicms.rdts.de\/cgi\/bin?_SID=c49375200c94f1acae131d60956978ad7e93389500243194872707&amp;_sprache=Standard-Ausgabe&amp;_bereich=artikel&amp;_aktion=detail&amp;idartikel=124467&quot; aufrufen\" href=\"http:\/\/www.irrel.de\/buerger\/index.htm?http:\/\/multicms.rdts.de\/cgi\/bin?_SID=c49375200c94f1acae131d60956978ad7e93389500243194872707&amp;_sprache=Standard-Ausgabe&amp;_bereich=artikel&amp;_aktion=detail&amp;idartikel=124467\" target=\"_blank\" rel=\"noopener\">Ank\u00fcndigung des Herbstkonzertes 2009 mit Plakat<\/a><br \/>\n<a class=\"link\" title=\"Externe Adresse &quot;http:\/\/www.volksfreund.de\/nachrichten\/region\/bitburg\/kurz\/Kurz-Konzert-des-Akkordeon-Orchesters;art753,2952570&quot; aufrufen\" href=\"http:\/\/www.volksfreund.de\/nachrichten\/region\/bitburg\/kurz\/Kurz-Konzert-des-Akkordeon-Orchesters;art753,2952570\" target=\"_blank\" rel=\"noopener\">Ank\u00fcndigung des Konzertes 2011<\/a><br \/>\n<a class=\"link\" title=\"Externe Adresse &quot;http:\/\/www.volksfreund.de\/nachrichten\/region\/bitburg\/kurz\/Kurz-Orchester-mit-breitem-Repertoire-in-Echternach;art753,3258502&quot; aufrufen\" href=\"http:\/\/www.volksfreund.de\/nachrichten\/region\/bitburg\/kurz\/Kurz-Orchester-mit-breitem-Repertoire-in-Echternach;art753,3258502\" target=\"_blank\" rel=\"noopener\">Ank\u00fcndigung des Konzertes 2012 in Echternach<\/a><\/p>\n<p>Bericht vom 22. Juli 2003 zum Jubil\u00e4umsfest anl\u00e4sslich des 30ig-J\u00e4hrigen Bestehens in Trierischen Volksfreund:<br \/>\n<a class=\"link\" title=\"Externe Adresse &quot;http:\/\/www.volksfreund.de\/nachrichten\/region\/bitburg\/aktuell\/Heute-in-der-Bitburger-Zeitung-Viel-Lob-fuer-Gruendervater;art752,187504&quot; aufrufen\" href=\"http:\/\/www.volksfreund.de\/nachrichten\/region\/bitburg\/aktuell\/Heute-in-der-Bitburger-Zeitung-Viel-Lob-fuer-Gruendervater;art752,187504\" target=\"_blank\" rel=\"noopener\">Viel Lob f\u00fcr den Gr\u00fcndungsvater<\/a><\/p>\n<p>Meldung zum Erhalt des RWE-Klimaschutzpreises 2012 auf der Homepage der VG-Irrel:<br \/>\n<a class=\"link\" title=\"Externe Adresse &quot;http:\/\/www.irrel.de\/buerger\/index.htm?http:\/\/www.multicms.rdts.de\/cgi\/bin?_SID=5bb657f78cd5b95fec8e9a87308c2890d588bc8e00234783743384&amp;_sprache=de&amp;_bereich=artikel&amp;_aktion=detail&amp;idartikel=134227&quot; aufrufen\" href=\"http:\/\/www.irrel.de\/buerger\/index.htm?http:\/\/www.multicms.rdts.de\/cgi\/bin?_SID=5bb657f78cd5b95fec8e9a87308c2890d588bc8e00234783743384&amp;_sprache=de&amp;_bereich=artikel&amp;_aktion=detail&amp;idartikel=134227\" target=\"_blank\" rel=\"noopener\">Klimaschutzpreis<\/a><\/p>\n<p>Internetseite der SWR-Sendung &#8222;Hierzuland&#8220; mit dem Gemeindeprotr\u00e4t Menningen, in dem auch \u00fcber das Akkordeonorchester und den Gr\u00fcndervater berichtet wird. In der rechten Spalte kann man das Video der Sendung vom Sonntag, 9.11.2008 anklicken und anschauen:<br \/>\n<a class=\"link\" title=\"Externe Adresse &quot;http:\/\/www.swr.de\/landesschau-rp\/hierzuland\/-\/id=100766\/nid=100766\/did=2677608\/1tnm4lh\/&quot; aufrufen\" href=\"http:\/\/www.swr.de\/landesschau-rp\/hierzuland\/-\/id=100766\/nid=100766\/did=2677608\/1tnm4lh\/\" target=\"_blank\" rel=\"noopener\">Hierzuland bei SWR 3<\/a><\/p>\n<\/div>\n","protected":false},"excerpt":{"rendered":"<p>Pressemeldungen In der Vergangenheit gab es immer wieder einmal die ein oder andere Ank\u00fcndigung, aber auch schon einmal einen Bericht in der lokalen Presse. Sofern diese noch auffindbar sind, werden diese hier gesammelt, bzw. verlinkt: Artikel zum Akkordeonfestival in Idesheim &hellip; <a href=\"http:\/\/akkordeonorchester-mm.de\/?page_id=61\">Weiterlesen <span class=\"meta-nav\">&rarr;<\/span><\/a><\/p>\n","protected":false},"author":1,"featured_media":0,"parent":0,"menu_order":4,"comment_status":"closed","ping_status":"closed","template":"","meta":{"jetpack_post_was_ever_published":false,"footnotes":""},"class_list":["post-61","page","type-page","status-publish","hentry"],"jetpack_sharing_enabled":true,"jetpack_shortlink":"https:\/\/wp.me\/P9qXL3-Z","jetpack_likes_enabled":true,"jetpack-related-posts":[],"_links":{"self":[{"href":"http:\/\/akkordeonorchester-mm.de\/index.php?rest_route=\/wp\/v2\/pages\/61"}],"collection":[{"href":"http:\/\/akkordeonorchester-mm.de\/index.php?rest_route=\/wp\/v2\/pages"}],"about":[{"href":"http:\/\/akkordeonorchester-mm.de\/index.php?rest_route=\/wp\/v2\/types\/page"}],"author":[{"embeddable":true,"href":"http:\/\/akkordeonorchester-mm.de\/index.php?rest_route=\/wp\/v2\/users\/1"}],"replies":[{"embeddable":true,"href":"http:\/\/akkordeonorchester-mm.de\/index.php?rest_route=%2Fwp%2Fv2%2Fcomments&post=61"}],"version-history":[{"count":2,"href":"http:\/\/akkordeonorchester-mm.de\/index.php?rest_route=\/wp\/v2\/pages\/61\/revisions"}],"predecessor-version":[{"id":187,"href":"http:\/\/akkordeonorchester-mm.de\/index.php?rest_route=\/wp\/v2\/pages\/61\/revisions\/187"}],"wp:attachment":[{"href":"http:\/\/akkordeonorchester-mm.de\/index.php?rest_route=%2Fwp%2Fv2%2Fmedia&parent=61"}],"curies":[{"name":"wp","href":"https:\/\/api.w.org\/{rel}","templated":true}]}}

<div id="content">
<h1 id="a2" class="heading1">Pressemeldungen</h1>
<p>In der Vergangenheit gab es immer wieder einmal die ein oder andere Ankündigung, aber auch schon einmal einen Bericht in der lokalen Presse. Sofern diese noch auffindbar sind, werden diese hier gesammelt, bzw. verlinkt:</p>
<p><a class="link" title="Externe Adresse &quot;http://www.volksfreund.de/nachrichten/region/bitburg/aktuell/Heute-in-der-Bitburger-Zeitung-Zuenftige-Musik-trifft-auf-Tango;art752,3995924&quot; aufrufen" href="http://www.volksfreund.de/nachrichten/region/bitburg/aktuell/Heute-in-der-Bitburger-Zeitung-Zuenftige-Musik-trifft-auf-Tango;art752,3995924" target="_blank" rel="noopener">Artikel zum Akkordeonfestival in Idesheim 2014 mit Bildern unseres Orchesters</a><br />
<a class="link" title="Externe Adresse &quot;http://www.volksfreund.de/nachrichten/region/bitburg/aktuell/Heute-in-der-Bitburger-Zeitung-Vier-Jahrzehnte-und-kein-bisschen-leise;art752,3553340?fCMS=uj8lgl6v2llj75q9ddse7fmu63&quot; aufrufen" href="http://www.volksfreund.de/nachrichten/region/bitburg/aktuell/Heute-in-der-Bitburger-Zeitung-Vier-Jahrzehnte-und-kein-bisschen-leise;art752,3553340?fCMS=uj8lgl6v2llj75q9ddse7fmu63" target="_blank" rel="noopener">Ankündigung des Jubiläumsfestes &#8222;40 Jahre AMM&#8220; von 2013</a><br />
<a class="link" title="Externe Adresse &quot;http://www.wittich.de/fileadmin/user_upload/epaper/707/index.html&quot; aufrufen" href="http://www.wittich.de/fileadmin/user_upload/epaper/707/index.html" target="_blank" rel="noopener">Ankündigung des Jubiläumsfestes 40 Jahre in der &#8222;Rundschau Aktuell&#8220;</a><br />
<a class="link" title="Externe Adresse &quot;http://www.e-paper.wochenspiegellive.de/book/read/id/0000D13182345135&quot; aufrufen" href="http://www.e-paper.wochenspiegellive.de/book/read/id/0000D13182345135" target="_blank" rel="noopener">Ankündigung Jubiläumsfest 40 Jahre im Wochenspiegel auf Seite acht</a><br />
<a class="link" title="Externe Adresse &quot;http://www.volksfreund.de/nachrichten/region/bitburg/aktuell/Heute-in-der-Bitburger-Zeitung-Klosterjaeger-in-der-Eifel;art752,181394&quot; aufrufen" href="http://www.volksfreund.de/nachrichten/region/bitburg/aktuell/Heute-in-der-Bitburger-Zeitung-Klosterjaeger-in-der-Eifel;art752,181394" target="_blank" rel="noopener">Ankündigung des Jubiläumsfestes &#8222;30 Jahre AMM&#8220; von 2003</a><br />
<a class="link" title="Externe Adresse &quot;http://www.irrel.de/buerger/index.htm?http://www.multicms.rdts.de/cgi/bin?_SID=18bb93c89f8df39467c993691ce0dd3af793793400238590492032&amp;_sprache=de&amp;_bereich=artikel&amp;_aktion=detail&amp;idartikel=103793&quot; aufrufen" href="http://www.irrel.de/buerger/index.htm?http://www.multicms.rdts.de/cgi/bin?_SID=18bb93c89f8df39467c993691ce0dd3af793793400238590492032&amp;_sprache=de&amp;_bereich=artikel&amp;_aktion=detail&amp;idartikel=103793" target="_blank" rel="noopener">Ankündigung des Weihnachtskonzertes 2004 im Veranstaltungskalender der VG-Irrel, mit Foto der Menninger Kirche</a><br />
<a class="link" title="Externe Adresse &quot;http://www.irrel.de/buerger/index.htm?http://www.multicms.rdts.de/cgi/bin?_SID=5bb657f78cd5b95fec8e9a87308c2890d588bc8e00234783743384&amp;_sprache=de&amp;_bereich=artikel&amp;_aktion=detail&amp;idartikel=134227&quot; aufrufen" href="http://www.irrel.de/buerger/index.htm?http://www.multicms.rdts.de/cgi/bin?_SID=5bb657f78cd5b95fec8e9a87308c2890d588bc8e00234783743384&amp;_sprache=de&amp;_bereich=artikel&amp;_aktion=detail&amp;idartikel=134227" target="_blank" rel="noopener">Ankündigung des Sommerfestes 2005 auf der Seite der VG-Irrel mit Foto der Kirche</a><br />
<a class="link" title="Externe Adresse &quot;http://www.irrel.de/buerger/index.htm?http://www.multicms.rdts.de/cgi/bin?_SID=5bb657f78cd5b95fec8e9a87308c2890d588bc8e00234783743384&amp;_sprache=de&amp;_bereich=artikel&amp;_aktion=detail&amp;idartikel=134227&quot; aufrufen" href="http://www.irrel.de/buerger/index.htm?http://www.multicms.rdts.de/cgi/bin?_SID=5bb657f78cd5b95fec8e9a87308c2890d588bc8e00234783743384&amp;_sprache=de&amp;_bereich=artikel&amp;_aktion=detail&amp;idartikel=134227" target="_blank" rel="noopener">Ankündigung des Weihnachtskonzertes in Minden auf der Seite der VG-Irrel, mit Foto der Mindener Kirche</a><br />
<a class="link" title="Externe Adresse &quot;http://www.volksfreund.de/nachrichten/region/bitburg/kurz/Kurz-Sommerfest-mit-viel-Musik;art753,1012116&quot; aufrufen" href="http://www.volksfreund.de/nachrichten/region/bitburg/kurz/Kurz-Sommerfest-mit-viel-Musik;art753,1012116" target="_blank" rel="noopener">Ankündigung des Sommerfestes 2006</a><br />
<a class="link" title="Externe Adresse &quot;http://www.irrel.de/buerger/index.htm?http://www.multicms.rdts.de/cgi/bin?_SID=129d70bbf7ebdbe1db7697b1be9a29d9038f3e7500224886725726&amp;_sprache=de&amp;_bereich=artikel&amp;_aktion=detail&amp;idartikel=110431&quot; aufrufen" href="http://www.irrel.de/buerger/index.htm?http://www.multicms.rdts.de/cgi/bin?_SID=129d70bbf7ebdbe1db7697b1be9a29d9038f3e7500224886725726&amp;_sprache=de&amp;_bereich=artikel&amp;_aktion=detail&amp;idartikel=110431" target="_blank" rel="noopener">Ankündigung des Sommerfestes 2006 im Veranstaltungskalender der VG-Irrel, mit Vereinsfoto</a><br />
<a class="link" title="Externe Adresse &quot;http://www.volksfreund.de/nachrichten/region/bitburg/aktuell/Heute-in-der-Bitburger-Zeitung-Akkordeon-und-Mandoline;art752,1417896&quot; aufrufen" href="http://www.volksfreund.de/nachrichten/region/bitburg/aktuell/Heute-in-der-Bitburger-Zeitung-Akkordeon-und-Mandoline;art752,1417896" target="_blank" rel="noopener">Ankündigung des Konzertes 2007</a><br />
<a class="link" title="Externe Adresse &quot;http://www.irrel.de/buerger/index.htm?http://www.multicms.rdts.de/cgi/bin?_SID=5bb657f78cd5b95fec8e9a87308c2890d588bc8e00234783743384&amp;_sprache=de&amp;_bereich=artikel&amp;_aktion=detail&amp;idartikel=134227&quot; aufrufen" href="http://www.irrel.de/buerger/index.htm?http://www.multicms.rdts.de/cgi/bin?_SID=5bb657f78cd5b95fec8e9a87308c2890d588bc8e00234783743384&amp;_sprache=de&amp;_bereich=artikel&amp;_aktion=detail&amp;idartikel=134227" target="_blank" rel="noopener">Ankündigung des Sommerfestes 2008, mit Foto</a><br />
<a class="link" title="Externe Adresse &quot;http://www.volksfreund.de/nachrichten/region/bitburg/kurz/Kurz-Konzert-des-Akkordeon-Orchesters;art753,2209525&quot; aufrufen" href="http://www.volksfreund.de/nachrichten/region/bitburg/kurz/Kurz-Konzert-des-Akkordeon-Orchesters;art753,2209525" target="_blank" rel="noopener">Ankündigung des Konzertes 2009</a><br />
<a class="link" title="Externe Adresse &quot;http://www.irrel.de/buerger/index.htm?http://multicms.rdts.de/cgi/bin?_SID=c49375200c94f1acae131d60956978ad7e93389500243194872707&amp;_sprache=Standard-Ausgabe&amp;_bereich=artikel&amp;_aktion=detail&amp;idartikel=122000&quot; aufrufen" href="http://www.irrel.de/buerger/index.htm?http://multicms.rdts.de/cgi/bin?_SID=c49375200c94f1acae131d60956978ad7e93389500243194872707&amp;_sprache=Standard-Ausgabe&amp;_bereich=artikel&amp;_aktion=detail&amp;idartikel=122000" target="_blank" rel="noopener">Ankündigung des Sommerfestes 2009 mit Plakat</a><br />
<a class="link" title="Externe Adresse &quot;http://www.irrel.de/buerger/index.htm?http://multicms.rdts.de/cgi/bin?_SID=c49375200c94f1acae131d60956978ad7e93389500243194872707&amp;_sprache=Standard-Ausgabe&amp;_bereich=artikel&amp;_aktion=detail&amp;idartikel=124467&quot; aufrufen" href="http://www.irrel.de/buerger/index.htm?http://multicms.rdts.de/cgi/bin?_SID=c49375200c94f1acae131d60956978ad7e93389500243194872707&amp;_sprache=Standard-Ausgabe&amp;_bereich=artikel&amp;_aktion=detail&amp;idartikel=124467" target="_blank" rel="noopener">Ankündigung des Herbstkonzertes 2009 mit Plakat</a><br />
<a class="link" title="Externe Adresse &quot;http://www.volksfreund.de/nachrichten/region/bitburg/kurz/Kurz-Konzert-des-Akkordeon-Orchesters;art753,2952570&quot; aufrufen" href="http://www.volksfreund.de/nachrichten/region/bitburg/kurz/Kurz-Konzert-des-Akkordeon-Orchesters;art753,2952570" target="_blank" rel="noopener">Ankündigung des Konzertes 2011</a><br />
<a class="link" title="Externe Adresse &quot;http://www.volksfreund.de/nachrichten/region/bitburg/kurz/Kurz-Orchester-mit-breitem-Repertoire-in-Echternach;art753,3258502&quot; aufrufen" href="http://www.volksfreund.de/nachrichten/region/bitburg/kurz/Kurz-Orchester-mit-breitem-Repertoire-in-Echternach;art753,3258502" target="_blank" rel="noopener">Ankündigung des Konzertes 2012 in Echternach</a></p>
<p>Bericht vom 22. Juli 2003 zum Jubiläumsfest anlässlich des 30ig-Jährigen Bestehens in Trierischen Volksfreund:<br />
<a class="link" title="Externe Adresse &quot;http://www.volksfreund.de/nachrichten/region/bitburg/aktuell/Heute-in-der-Bitburger-Zeitung-Viel-Lob-fuer-Gruendervater;art752,187504&quot; aufrufen" href="http://www.volksfreund.de/nachrichten/region/bitburg/aktuell/Heute-in-der-Bitburger-Zeitung-Viel-Lob-fuer-Gruendervater;art752,187504" target="_blank" rel="noopener">Viel Lob für den Gründungsvater</a></p>
<p>Meldung zum Erhalt des RWE-Klimaschutzpreises 2012 auf der Homepage der VG-Irrel:<br />
<a class="link" title="Externe Adresse &quot;http://www.irrel.de/buerger/index.htm?http://www.multicms.rdts.de/cgi/bin?_SID=5bb657f78cd5b95fec8e9a87308c2890d588bc8e00234783743384&amp;_sprache=de&amp;_bereich=artikel&amp;_aktion=detail&amp;idartikel=134227&quot; aufrufen" href="http://www.irrel.de/buerger/index.htm?http://www.multicms.rdts.de/cgi/bin?_SID=5bb657f78cd5b95fec8e9a87308c2890d588bc8e00234783743384&amp;_sprache=de&amp;_bereich=artikel&amp;_aktion=detail&amp;idartikel=134227" target="_blank" rel="noopener">Klimaschutzpreis</a></p>
<p>Internetseite der SWR-Sendung &#8222;Hierzuland&#8220; mit dem Gemeindeproträt Menningen, in dem auch über das Akkordeonorchester und den Gründervater berichtet wird. In der rechten Spalte kann man das Video der Sendung vom Sonntag, 9.11.2008 anklicken und anschauen:<br />
<a class="link" title="Externe Adresse &quot;http://www.swr.de/landesschau-rp/hierzuland/-/id=100766/nid=100766/did=2677608/1tnm4lh/&quot; aufrufen" href="http://www.swr.de/landesschau-rp/hierzuland/-/id=100766/nid=100766/did=2677608/1tnm4lh/" target="_blank" rel="noopener">Hierzuland bei SWR 3</a></p>
</div>

<p>Pressemeldungen In der Vergangenheit gab es immer wieder einmal die ein oder andere Ankündigung, aber auch schon einmal einen Bericht in der lokalen Presse. Sofern diese noch auffindbar sind, werden diese hier gesammelt, bzw. verlinkt: Artikel zum Akkordeonfestival in Idesheim &hellip; <a href="http://akkordeonorchester-mm.de/?page_id=61">Weiterlesen <span class="meta-nav">&rarr;</span></a></p>
